 = 163 + -72. Let s(j) = 6*j + o + 2*j**2 - j**2 - 90. What is s(-6)?
1
Let t(d) be the third derivative of 0 + 0*d + 1/120*d**6 + 0*d**3 - 1/20*d**5 - 29*d**2 + 1/24*d**4. Calculate t(2).
-2
Let x(d) = 3*d + 6. Let u(k) = -2*k - 3. Let s(y) = -10*u(y) - 6*x(y). Suppose -2*m + 28 = 2*m. Calculate s(m).
8
Let i(m) = -m**3 - 8*m**2 + 7. Let j(c) = c - 12. Let o be j(4). Let p be i(o). Let t(h) = h**2 - 7*h + 5. Determine t(p).
5
Let p(q) be the third derivative of -q**6/60 + q**5/60 + q**4/24 + q**3/6 - 4*q**2 - q. What is p(-2)?
19
Let q(a) be the third derivative of -a**4/12 - a**3/3 - 5*a**2 + 42. Give q(3).
-8
Let p(z) be the first derivative of z**6/180 - z**5/30 - z**4/8 + 16*z**3/3 - 8. Let f(c) be the third derivative of p(c). Calculate f(4).
13
Let a(b) = b**2 - 7*b - 6. Let s(k) = k**2 - 5 + k + 37 + 14*k + 0*k**2. Let r be s(-13). What is a(r)?
-12
Suppose p = -3*b + 56, -b + 6*b - 96 = p. Suppose -5*x + n = -b, x = -0*n + 3*n + 1. Let g(a) = a. Determine g(x).
4
Let r(w) be the first derivative of -w**4/4 + w**3 - 5*w**2/2 + 133. Calculate r(2).
-6
Suppose -s = -0*s - 2. Let v(o) = -o + 1. Let p(j) be the first derivative of -21*j**2/2 + 21*j - 14. Let t(f) = p(f) - 18*v(f). Determine t(s).
-3
Let o(p) = 8*p + 1. Let i = -52 - -56. Suppose 3 = -7*c - i. Calculate o(c).
-7
Let j be 28/10*(17 - 12). Let a(n) = -22*n + 45*n + j - 16*n - n**2. Calculate a(10).
-16
Let y(x) = 5*x - 8. Suppose 0 = -9*i + 836 - 800. Give y(i).
12
Let r(v) = -5*v**2 - v + 1. Suppose -3*w - 9 = 5*f, -2*w + 2*f = 3*w - 16. Suppose -w*k - 5 = -3*k. Suppose -9*o + k = -4*o. What is r(o)?
-5
Let s(a) = 19*a - 256. Let i(p) = 11*p - 127. Let o(g) = -5*i(g) + 2*s(g). What is o(7)?
4
Let w(g) = -g**3 + 5*g**2 + 9*g - 10. Let a be w(6). Suppose a*p + 56 = 8. Let o(r) = r**2 + 5*r - 3. Give o(p).
3
Let j = -3 + -2. Let q(o) = 2*o**2 - 31*o - 58. Let g be q(17). Let w(t) = 14*t**2 - 7. Let x(d) = -9*d**2 + 5. Let n(y) = g*x(y) + j*w(y). Calculate n(-1).
-7
Suppose 11*z - 23 - 43 = 0. Let j(u) be the third derivative of -u**6/120 + u**5/12 + 5*u**4/24 + u**3/2 - u**2. Determine j(z).
-3
Let t(v) = 23*v + 3. Let a be 6*10/(-300)*-5. Give t(a).
26
Suppose z = 3*z - 6*z. Let j(v) = -v + z*v + 305 - 306. Calculate j(2).
-3
Suppose 0 = -4*t + 122 + 106. Let l(h) = -8 + 61*h - 120*h + t*h. What is l(-6)?
4
Suppose u = -0 + 1. Let y(f) = 5*f**2 - 1. Let n be y(u). Let c(v) = -1 - v - v + n*v - v. Calculate c(7).
6
Let a(r) = -2*r + r**3 - 4*r**3 + 2*r**3 - 1. Let q(b) = -b - 3. Let z be q(-3). Let y be a(z). Let c(j) = -7*j**2 - j. Give c(y).
-6
Let u(h) = h**3 + 34 - h**2 + 0*h**3 - 2*h**3 - h - 66 + 33. What is u(-4)?
53
Let t(a) = -5*a**2 + 3*a - 9. Let u be 96/(-20) + 1/(-5). Let c = u + 8. Let k(i) = 2*i**2 - i + 4. Let s(v) = c*t(v) + 7*k(v). Calculate s(-2).
-7
Let l(u) be the first derivative of u**3/3 - u**2/2 + u + 2. Let j be ((-1)/3)/((-1)/9). Suppose -2*r = -j*n - 13, -2*n = -0*n + 6. What is l(r)?
3
Suppose -5*v - 31 = 11*x - 9*x, -4*v = 20. Let z(m) = 2*m**2 + 3*m - 3. What is z(x)?
6
Suppose -4*c = -9*c + 5, 5*c - 15 = -5*f. Let x(v) = v. Calculate x(f).
2
Let x(w) = w + 0*w + 4 - 1 - 2*w + 2*w. Give x(5).
8
Let a be (14/(-49))/((-1)/14). Suppose 0 = -7*r + a*r + 9. Suppose -r*s = -4*s + 3. Let p(c) = c**2 - c + 4. Calculate p(s).
10
Let d(p) be the third derivative of p**6/60 - p**5/60 + p**3/6 + 209*p**2. Calculate d(1).
2
Let j = -18 + 17. Let z be (j - -6 - 4 - 1)/2. Let d(y) = 3*y + 2 - y - y. Calculate d(z).
2
Let l(x) = 7*x**2 - 12*x + 7. Let m(v) = 6*v**2 - 11*v + 6. Let c(h) = -5*l(h) + 6*m(h). Let j = 5 - -2. Calculate c(j).
8
Suppose 0 = -u - 2 + 3. Let a(l) = 4*l**3 - 10*l**2 + 7*l. Let r = -7 - -14. Let y(c) = -3*c**3 + 7*c**2 - 5*c. Let p(q) = r*y(q) + 5*a(q). Give p(u).
-2
Suppose -5*o = b - 1, 5*b + 0*o - 4*o = 63. Let l(f) = -f**2 + 13*f - 13. Calculate l(b).
9
Let i(u) = 3*u. Let m(b) = b**2 + 12*b + 36. Let d be m(-7). What is i(d)?
3
Let k(i) = 3*i**2 + 11*i - 1. Let r(g) = -4*g**2 - 12*g + 3. Let h(z) = 3*k(z) + 2*r(z). Determine h(-8).
-5
Let p(a) = 18*a**2 + 23*a - 7. Let u(n) = 9*n**2 + 13*n - 4. Let v(g) = -4*p(g) + 7*u(g). Calculate v(-2).
-34
Suppose 0 = 15*q - 3*q - 96. Let w(r) = -4*r**3 + 9*r**2 - r - 8. Let v(t) = 11*t**3 - 26*t**2 + 2*t + 24. Let s(g) = q*w(g) + 3*v(g). Calculate s(6).
-4
Let k(z) = -6*z**3 - 2*z**2 - z. Let b be (18/12 + 0)/((-3)/2). Give k(b).
5
Let r(n) be the first derivative of -n**2/2 + 3*n + 79. Let g(v) = -v**3 - 5*v**2 + 4. Let p be g(-5). Suppose -p*t - 2 = -2*l, -t + 3*l = -4*t + 21. Give r(t).
1
Let q(l) = l - 6. Suppose -3*v + x - 86 = 0, -4*v + x - 118 = -2*x. Let k be (-4)/(-12) - v/6. Give q(k).
-1
Let l be 4*(10/(-14))/(52/(-91)). Let f(h) = -h**3 + 6*h**2 - h + 1. Determine f(l).
21
Let s be (70/(-20))/(1/2). Let j(g) = g**3 + 8*g**2 + 9*g + 5. Calculate j(s).
-9
Let n(f) = f + 1. Let b(o) = -o - 2. Let i(y) = b(y) - n(y). Let v = -1665 + 1662. Determine i(v).
3
Let u(c) = 3*c**2 - 20*c - 3. Let n(l) = 2*l**2 - 14*l - 2. Let j(a) = 7*n(a) - 5*u(a). Determine j(2).
1
Let v(w) be the first derivative of -w**4/4 + 3*w**3 - 9*w**2/2 - 2*w - 125. Determine v(8).
-10
Let g(x) = -10*x + 151. Let l be g(15). Let k be ((-2)/(-3))/(4/(-6)). Let z be (11 - 5)*l*k. Let o(v) = -v**3 - 6*v**2 + 4. What is o(z)?
4
Let v = 434 - 438. Let i(o) = -o**2 - 4*o - 1. Give i(v).
-1
Suppose -92*b + 91*b = -7. Let z(o) = -o**3 + 6*o**2 + 7*o - 5. What is z(b)?
-5
Let x(z) = -4*z - 13. Suppose 2*u - 2*h = 3*u + 1, 5*h = -2*u - 1. Let d be x(u). Let s(w) = w + 1. What is s(d)?
0
Let l(p) = 809 - 1333 + 525 - 2*p**3. Let t = 0 + -1. Give l(t).
3
Let f = 54 + -9. Suppose -2*q = -2*d, 7*d - 2*d + 4*q + f = 0. Let u(o) = -o**2 - 8*o - 3. What is u(d)?
12
Let n(z) = -z**2 + 9*z - 9. Let g(k) = -3*k - 8 + 2*k + 9*k + k**2 + 6*k. Let m be g(-15). Determine n(m).
5
Let i(q) = 2*q + 21. Let b(v) = -v - 11. Let s(c) = 11*b(c) + 6*i(c). Let t = -91 + 81. Determine s(t).
-5
Let a(m) = -7*m + 2. Let f be -18 + (-169)/(-13) - 2/1. What is a(f)?
51
Let p = -36 + 41. Let g be p + 1*(-4)/(-4). Let y(x) = x**3 - 5*x**2 - 6*x + 6. Give y(g).
6
Suppose -k - 4*k + 35 = 4*m, -4*k - 5*m + 19 = 0. Let a(c) = 4 + 2 + 14 - k - 2*c. What is a(10)?
-11
Suppose 3*b + 0*b = 4*p + 23, -2*b + 5*p = -27. Let l(g) = b - 2*g**2 - 3*g**2 + 6*g**2. What is l(1)?
2
Let h(g) = 2*g**2 + 38*g + 155. Let q be h(-6). Let k = 7 + -4. Let l(d) = 0 - 3 - 6*d**k + d + 4 + d**2. What is l(q)?
7
Let k(t) = t + 4. Suppose -2*p = -p + 19. Let i = p - 0. Let z = i - -13. Determine k(z).
-2
Let b be (-9 + 7)/(-2 - -1). Suppose b*n = 5*r - 41, -3*n = r - 2*n - 11. Let d(m) = m**2 - 10*m + 12. Calculate d(r).
3
Let y(f) = 13*f + 21. Let k be y(-2). Let b(z) = -5*z - 4. Give b(k).
21
Let l(d) = d**3 + 8*d**2 - 10*d + 16. Let z be l(7). Let q(b) = 4 + 679*b - z*b - 1. What is q(8)?
-13
Let y(n) = -3*n**3 + 5*n**2 - 2*n - 2. Let v(t) = 4*t**3 - 7*t**2 + 3*t + 3. Let j(s) = 5*v(s) + 7*y(s). Calculate j(-1).
1
Let b(k) be the first derivative of -k**3/3 + 5*k**2 - 27*k + 5. Let t be b(5). Let q(z) = -2*z**3 - 3*z**2 - 3*z - 3. What is q(t)?
7
Let b(p) = -66*p - 456. Let f be b(-7). Let q(o) = 2*o**2 - 10*o - 14. Determine q(f).
-2
Let p(g) = -g**2 - 10*g - 7. Let h(o) = -o**2 - 19*o - 43. Let w be h(-17). Give p(w).
2
Let l(z) = -11*z - 64. Let f(t) = -5*t - 30. Let o(k) = 9*f(k) - 4*l(k). Determine o(0).
-14
Let r(a) = -a**2 - 12*a - 7. Let f be r(-12). Let l = f - -13. Let h(x) = 0 + 2*x - 6 - 2. What is h(l)?
4
Let n(k) = -k**3 + k**2 + 4*k - 1. Let j = -71 + 74. Calculate n(j).
-7
Let j(w) = w**2 + 2*w - 5. Suppose -11*t + 12*t - 5 = 0. Suppose 3*s - t = -17. Calculate j(s).
3
Suppose -5*r = -3*j - 0*j, -2*j = -10. Let y(l) = -r*l + 7*l - 3*l. Determine y(4).
4
Let y(p) = 2*p**3 - 19*p**2 + 4*p + 69. Let u(q) = q**3 - 9*q**2 + 2*q + 31. Let j(o) = -9*u(o) + 4*y(o). Calculate j(4).
5
Let r(g) = -11*g**2 + 6 + 26*g**2 - g**3 - 2*g - 12*g**2. Suppose -10*i = -0*i - 40. What is r(i)?
-18
Let p(v) be the second derivative of v**4/12 - 2*v**3/3 - 11*v. Let d(y) = -5*y**2 + 20*y. Let g(i) = 2*d(i) + 11*p(i). What is g(4)?
0
Let u(n) = -11*n + 8 - 3 - 4 + 9*n. Suppose -12 = -3*t + 7*t, 2*i = 2*t + 16. Suppose 0 = -4*v + 3*m + 22, -6 = i*m + 4. What is u(v)?
-7
Let a(h) = h**3 - 8